umber?
False
Is 7054607 a composite number?
True
Is 256799 prime?
True
Is 14000297 prime?
False
Is 35982943 a composite number?
False
Is 2521873 prime?
False
Is 5607013 prime?
False
Is 2828717 a composite number?
False
Is 4648561 a prime number?
True
Is 42567331 a composite number?
True
Is 213291835 a prime number?
False
Is 201307 a composite number?
False
Is 2704043 a prime number?
True
Is 5005757 prime?
True
Is 736184951 a composite number?
False
Is 19572599 prime?
True
Is 6412643 a composite number?
False
Is 1275077 a composite number?
True
Is 96174773 prime?
False
Is 211933045 composite?
True
Is 56698079 a prime number?
True
Is 157259 composite?
False
Is 20383953 composite?
True
Is 168037867 a prime number?
True
Is 4506233 prime?
True
Is 8782409 a prime number?
False
Is 138744547 a composite number?
False
Is 20082433 a prime number?
False
Is 628950997 a prime number?
False
Is 39692291 a prime number?
False
Is 2903179 a composite number?
False
Is 23056993 prime?
False
Is 549875199 prime?
False
Is 1305343 a composite number?
True
Is 88811837 a composite number?
False
Is 7758191 prime?
False
Is 335330621 a prime number?
True
Is 27525513 prime?
False
Is 88870889 composite?
False
Is 24456361 a prime number?
False
Is 58884509 composite?
False
Is 40664929 prime?
False
Is 24305 composite?
True
Is 18156911 a prime number?
True
Is 3721087 prime?
True
Is 24845501 composite?
False
Is 19779937 a prime number?
True
Is 103634387 composite?
False
Is 32004277 prime?
False
Is 7479599 a composite number?
False
Is 103860238 a composite number?
True
Is 46133057 composite?
False
Is 7500721 composite?
False
Is 13830959 a prime number?
False
Is 51554071 a prime number?
False
Is 30618491 a prime number?
True
Is 153620911 a prime number?
True
Is 192767477 a prime number?
False
Is 268607 a composite number?
False
Is 1823087 prime?
False
Is 71810353 a prime number?
False
Is 899616215 composite?
True
Is 143770481 a composite number?
False
Is 112538263 composite?
False
Is 64372993 composite?
True
Is 35920645 composite?
True
Is 151007 prime?
True
Is 143922073 composite?
False
Is 1130599 prime?
False
Is 141789377 a prime number?
True
Is 307499 a prime number?
False
Is 19898239 prime?
True
Is 9118541 composite?
False
Is 6606521 prime?
True
Is 139675891 a prime number?
False
Is 48540273 composite?
True
Is 93869401 a composite number?
True
Is 17889947 composite?
False
Is 1433849 prime?
True
Is 6827309 prime?
True
Is 73634957 a composite number?
True
Is 4591687 a composite number?
False
Is 395461 composite?
True
Is 2010427 composite?
True
Is 1611593 a prime number?
True
Is 805097 a composite number?
False
Is 2935357 a prime number?
True
Is 3606697 a prime number?
True
Is 76891063 a prime number?
True
Is 47007559 a composite number?
False
Is 82630315 prime?
False
Is 38011553 a prime number?
True
Is 10664546 prime?
False
Is 32546503 prime?
False
Is 24934477 a prime number?
False
Is 2145311 a composite number?
True
Is 27786497 a composite number?
False
Is 47742173 composite?
True
Is 21682669 a prime number?
False
Is 4723711 composite?
True
Is 3125531 a composite number?
True
Is 7050083 prime?
False
Is 779566 a prime number?
False
Is 1271443 prime?
False
Is 99085867 composite?
True
Is 238690507 composite?
True
Is 1216333 composite?
True
Is 304007789 prime?
True
Is 119185789 composite?
True
Is 1819877 composite?
True
Is 6009253 a composite number?
False
Is 1629139403 a composite number?
False
Is 78335669 a composite number?
False
Is 42468467 prime?
True
Is 13964267 composite?
False
Is 167861 prime?
True
Is 882359 prime?
True
Is 1510409 a prime number?
False
Is 465407 composite?
False
Is 2599187 prime?
True
Is 30187633 a composite number?
True
Is 20042441 a composite number?
True
Is 11359103 a composite number?
True
Is 173535298 composite?
True
Is 192091 a composite number?
False
Is 9112949 prime?
True
Is 98486957 prime?
True
Is 50517431 a composite number?
True
Is 47554643 a prime number?
True
Is 2484011 composite?
False
Is 1031047 composite?
False
Is 206411017 prime?
True
Is 10233151 composite?
False
Is 1613743 a composite number?
True
Is 26764189 prime?
False
Is 725492301 prime?
False
Is 56026429 a prime number?
True
Is 5727139 composite?
True
Is 1155799 composite?
True
Is 592997 a prime number?
False
Is 36836227 prime?
False
Is 11003851 a composite number?
True
Is 2489107 composite?
False
Is 322835003 a composite number?
False
Is 15177001 composite?
True
Is 14925891 a composite number?
True
Is 5452117 composite?
True
Is 42761713 a prime number?
False
Is 2192746 a prime number?
False
Is 7602677 prime?
True
Is 536800391 a prime number?
True
Is 116041697 prime?
True
Is 42829331 a prime number?
True
Is 180414229 a prime number?
True
Is 17481907 a prime number?
False
Is 79622051 a prime number?
True
Is 4049707 a prime number?
True
Is 6013289 prime?
False
Is 1798109 a composite number?
False
Is 12221749 composite?
False
Is 1144417 a prime number?
True
Is 390809 a composite number?
False
Is 25442563 a composite number?
False
Is 20647919 composite?
False
Is 573843 a prime number?
False
Is 56508511 prime?
True
Is 302261681 a composite number?
True
Is 25819 a prime number?
True
Is 353410091 composite?
True
Is 21665621 a prime number?
False
Is 10324805 prime?
False
Is 6425567 prime?
True
Is 18401527 composite?
False
Is 34980809 composite?
False
Is 13921123 composite?
False
Is 296057 a prime number?
False
Is 335554 a prime number?
False
Is 1821821 composite?
False
Is 3005207 a composite number?
False
Is 4704085 composite?
True
Is 25278749 a composite number?
True
Is 1918177 composite?
True
Is 1192241 composite?
False
Is 21831697 composite?
False
Is 57431657 a prime number?
False
Is 7723537 prime?
True
Is 447589 prime?
False
Is 17288393 prime?
True
Is 39825697 composite?
True
Is 349519 composite?
False
Is 1570189 a prime number?
True
Is 56148437 a composite number?
True
Is 15498653 composite?
True
Is 35141747 prime?
False
Is 245111 prime?
False
Is 96619331 a prime number?
True
Is 21669953 prime?
False
Is 45526279 a prime number?
True
Is 22582801 prime?
False
Is 578275771 a composite number?
False
Is 1031014 prime?
False
Is 42723263 a composite number?
True
Is 103074085 composite?
True
Is 42323899 prime?
True
Is 117848107 a composite number?
True
Is 114495827 a prime number?
True
Is 1088807 composite?
False
Is 281588239 a composite number?
False
Is 194793103 a composite number?
False
Is 225046643 a prime number?
True
Is 2539462 prime?
False
Is 3034173 prime?
False
Is 19442231 prime?
True
Is 210745459 composite?
False
Is 6634363 a composite number?
True
Is 2749871 composite?
True
Is 62804957 composite?
False
Is 45389 composite?
False
Is 34251083 a prime number?
False
Is 5459507 prime?
True
Is 1001491 a prime number?
True
Is 286373 composite?
True
Is 8954941 a prime number?
False
Is 5875159 a prime number?
True
Is 6399373 a prime number?
False
Is 1048189 composite?
False
Is 20971697 a composite number?
False
Is 49365133 prime?
True
Is 95827 prime?
False
Is 19431449 a composite number?
False
Is 152183 a prime number?
True
Is 4812398 a composite number?
True
Is 761493833 prime?
True
Is 2956361 composite?
True
Is 4756067 a prime number?
True
Is 72638 composite?
True
Is 3659789 composite?
True
Is 3383741 prime?
True
Is 3704377 prime?
False
Is 84949661 a prime number?
False
Is 126792601 a composite number?
True
Is 260515945 composite?
True
Is 191784521 a composite number?
False
Is 622829 composite?
True
Is 10580543 composite?
True
Is 6150643 a prime number?
True
Is 80514337 a prime number?
False
Is 1901101 a composite number?
True
Is 801239 composite?
True
Is 4483729 a composite number?
True
Is 13982327 prime?
True
Is 295637 composite?
True
Is 25297661 composite?
True
Is 2653249 prime?
True
Is 1359349 prime?
True
Is 231941 composite?
True
Is 30723359 a composite number?
False
Is 25378295 a prime number?
False
Is 4615517 a composite number?
True
Is 2443351 composite?
False
Is 6728987 composite?
True
Is 339019063 a composite number?
False
Is 25000331 a prime number?
False
Is 1184731 a prime number?
True
Is 3931969 prime?
True
Is 122693 prime?
True
Is 106630267 prime?
False
Is 321781547 a composite number?
True
Is 27341869 a composite number?
False
Is 7268817 prime?
False
Is 48802339 composite?
